. Suppose 0 = -7*m + 157 - 45. Calculate the greatest common factor of k and m.
16
Let f(d) = d**3 + 39*d**2 - 60*d - 2324. Let b be f(-39). Suppose -3*q + 2*q + 144 = 0. Calculate the greatest common factor of b and q.
16
Let g = 51 + -35. Let y be (-1796)/(-20) - (g/(-5) - -3). Let p be 6/(y/(-3)) + (-232)/(-10). What is the greatest common factor of p and 253?
23
Let g(u) = -17*u**3 - 8*u**2 + 15*u - 6. Let m be g(-3). What is the highest common factor of 1456 and m?
112
Let m be (-6)/4*(-72)/27. Suppose 0 = -3*i + 3*t + 258, -m*i + 5*t = 4*t - 338. What is the highest common factor of i and 4?
4
Suppose 0 = -4*y - 1076 + 1064, 0 = 4*j + y - 15173. What is the greatest common factor of j and 35?
7
Let k(d) = d**3 - 17*d**2 + 44*d - 28. Let u be k(14). Suppose s - 5*s + 2*l + 22 = u, -7 = s - 3*l. What is the highest common factor of s and 88?
8
Suppose 0 = -5*n + 30, n + 776 = 4*l - 1870. Calculate the greatest common divisor of 357 and l.
51
Let p(b) = -18*b + 138. Let i(y) = -13*y - 41. Let j be i(-2). Let q be p(j). Calculate the highest common divisor of q and 24.
24
Let h(a) = a**3 - 3*a**2 - 3*a + 6. Let q be h(4). Let s = -106 - 258. Let o = -254 - s. Calculate the greatest common divisor of q and o.
10
Let l(j) = -16*j + 10. Let m be l(-6). Let c = -71 + m. What is the greatest common divisor of 5 and c?
5
Let o be 652 - (6 + -7 + 4). Calculate the greatest common divisor of 22 and o.
11
Let d(t) = -t**2 - 207*t - 7040. Let c be d(-43). Let b = 8 - 2. Calculate the greatest common divisor of c and b.
6
Let k(c) = -c + 0*c + 2 + 6*c - 6*c. Let w be k(3). Let o be (-153)/(-5) - ((-8)/(-5) + w). Calculate the highest common divisor of 10 and o.
10
Let q(n) = n**2 - n + 1. Let l be q(-4). Let k be (-2 - 1)/(l/6 + -5). Let h be k/(4 + -2) - -39. What is the highest common divisor of 5 and h?
5
Let k = -51892 + 51996. Let i = 21 - -3. What is the greatest common divisor of k and i?
8
Let h = -32 + 39. Let v = 3675 + -3667. Calculate the greatest common factor of v and h.
1
Let l be (-6)/3 + 2*-1. Suppose -7766*y + 7781*y = -15. Let f be -6 + 22 - l/y. What is the highest common factor of 156 and f?
12
Suppose u - 20 + 2 = -5*k, 18 = u - 5*k. Calculate the greatest common divisor of u and 1818.
18
Let i = -6430 + 8731. What is the highest common factor of 247 and i?
13
Suppose -2*x + 1402 = 2*s, -2*x - 2535 = -3*s - 452. Calculate the highest common divisor of s and 425.
17
Let t = 12505 + -8428. Calculate the greatest common factor of t and 27.
27
Suppose 6*y - 38 = 28. Suppose 9*k = 18*k. Suppose 47 = 2*u - 3*j + 6*j, k = -2*j + 2. Calculate the highest common factor of y and u.
11
Suppose y - 25 + 9 = -2*v, 3*y - 2*v = 24. Let h(k) = 6*k - 30. Let b be h(y). Suppose -59 + 9 = -5*q. Calculate the greatest common divisor of b and q.
10
Let f(w) = w**2 - 17. Let x be f(5). Suppose -x*l + 253 = -4*l + 3*r, 0 = 5*l - 2*r - 299. Calculate the greatest common factor of 244 and l.
61
Let w = 337 - 337. Suppose w = 23*r - 15*r - 96. Calculate the highest common factor of 168 and r.
12
Suppose -2*s - 4*s + 36 = 0. Let g be (s + -3)*(-387)/(-27). Calculate the greatest common factor of g and 688.
43
Let r = 0 - -19. Let l be ((-2145)/(-9))/(-5)*-3. Let b = -67 + l. What is the greatest common divisor of b and r?
19
Let x be (427/35 - 11)*(1435/(-2))/(-7). Calculate the greatest common divisor of 27 and x.
3
Let i = -96 + 168. Let q(b) = -4 - 4*b**3 - 18*b**2 + 11*b**2 + 5*b**3 - 5*b + 5*b**2. Let m be q(4). Calculate the greatest common factor of m and i.
8
Suppose 0 = -3*n + 12, 0 = 327*t - 324*t - n - 644. What is the highest common factor of t and 27?
27
Suppose -2*a + 17 = -5*k, -7*k + 37 = -3*a - 12*k. Let p(o) = -3*o + 1. Let h be p(a). What is the highest common factor of 104 and h?
13
Suppose 581 - 968 = -39*i + 939. Calculate the greatest common divisor of i and 51.
17
Let r(b) = 9*b**2 - 3*b + 6. Let o be r(5). Let q = -943 + 927. Let f = q - -43. What is the highest common divisor of f and o?
27
Let g(m) = -m**2 - 62*m + 1401. Let h be g(-52). Calculate the greatest common factor of h and 113.
113
Let v(k) = k**3 - 184*k**2 + 369*k - 360. Let o be v(182). Suppose 4*s - 31 = 65. Suppose -s = -h + 26. Calculate the highest common divisor of h and o.
50
Suppose 6*o - 3743 + 1257 = 3874. Calculate the highest common factor of o and 100.
20
Let x(g) = -2*g**2 - g + 53. Let a be x(6). Let c be a/(-10)*(-100)/(-2). Calculate the highest common factor of 5 and c.
5
Suppose -48*h + 445 = -419. Calculate the greatest common divisor of 1026 and h.
18
Suppose -25*t - 62 = -137. Suppose 8*b - 96 = -4*g + 9*b, -t*g + 63 = -3*b. What is the greatest common divisor of g and 1775?
25
Suppose 4*v + 75*j = 70*j + 56, -4*v + 5*j + 56 = 0. Calculate the greatest common divisor of v and 13342.
14
Let p be 2*(-610)/45*108/(-24). Calculate the highest common factor of p and 29646.
122
Suppose -200*b = 351*b - 30632294. Calculate the greatest common factor of b and 154.
154
Let s(b) = b**3 + 20*b**2 - 54*b - 166. Let c be s(-22). What is the greatest common divisor of c and 19314?
18
Let q = -50 + 55. Suppose -c + 2*m + 0*m = -99, 3*m + 488 = q*c. Let w = -86 + c. Calculate the greatest common factor of w and 209.
11
Let h be 3524/14 - (-2 + 24/14). Suppose h = -35*s + 42*s. Calculate the greatest common factor of s and 126.
18
Let o = 8975 + -8760. What is the highest common factor of 25 and o?
5
Let d be ((-72)/28)/(12/(-56)). Calculate the highest common factor of 7428 and d.
12
Let c be (-10 + 6 - -10) + -11. Let x(z) = -9*z + 99. Let a be x(c). What is the highest common divisor of a and 9?
9
Let w be (0 - 6/(-3)) + (88 - (-4 + 5)). Calculate the highest common factor of w and 5696.
89
Suppose 0 = -36*u + 1182 + 582. Suppose 3*k = 3*j + 4*k - 96, -4*k = 3*j - 87. Let q = u - j. What is the highest common factor of 176 and q?
16
Let p(m) = m**2 - 7*m - 8. Let f be p(-11). Let k = f + 22. Suppose c + 2*h = k, 3*h + 1120 = 5*c - 2*h. Calculate the highest common divisor of c and 20.
20
Suppose r + 1119 = k + k, -2*k + 1139 = -5*r. Let g = k + -553. Calculate the highest common factor of 236 and g.
4
Let q(h) = -322*h - 1283. Let u be q(-5). What is the highest common factor of u and 545?
109
Suppose 5*q + 11*m = 15*m + 96, 4*m + 76 = 4*q. Calculate the highest common divisor of q and 125.
5
Let a(j) = 2*j**3 - 84*j**2 + j - 4. Let b be a(42). What is the highest common factor of b and 304?
38
Let u = 6413 - 6355. What is the greatest common factor of u and 38?
2
Let f be 4*((-100)/16 + 30/(-12)). Let k be (336/f)/((-4)/10). What is the highest common divisor of 384 and k?
24
Suppose a - 2*h - 881 = 0, -3829 = -5*a - h + 631. What is the highest common divisor of 88 and a?
11
Suppose -5*j - 14*s - 30 = -12*s, 3*j - s + 18 = 0. Let d be 2*j/(-8)*6. What is the greatest common divisor of d and 63?
9
Let n(u) = -455*u + 1829. Let g be n(4). Let r be ((-18)/8)/((-15)/80). What is the highest common divisor of r and g?
3
Suppose 178*g - 130 = -3*w + 177*g, 0 = 2*g + 4. Let c be (4/(-10))/(2/(-100)). Let j be (1 - c/6)*-132. What is the greatest common factor of w and j?
44
Suppose 18*d - 15 = 3*d. Suppose 539*w + 16 = 541*w. What is the highest common divisor of d and w?
1
Let i = -1718 - -1808. Suppose 0 = -2*r - 26 - 10. Let h be (r/24)/(2/(-24)). What is the highest common factor of i and h?
9
Let t be (-213)/284 + ((-127950)/8)/(-5). What is the greatest common divisor of t and 6?
6
Let g be ((-48)/10)/(((-48)/90)/4). Let i be (-1)/(-4) - (-4 - (-45)/g). Suppose i*s + 66 = 14*s. Calculate the highest common divisor of 3 and s.
3
Let i be (4/(-12))/(10/(-7890)). Let b = 7 + i. Calculate the greatest common factor of 45 and b.
45
Suppose 4*r - t = 10164, 361*r - 12705 = 356*r - 2*t. What is the highest common factor of r and 165?
33
Let i(l) = 70*l - 2545. Let n be i(61). What is the highest common divisor of 75 and n?
75
Suppose 7 = 2*x + 1. Suppose x*h + 3*b = 105, -h - b + 30 = -5*b. Let k(n) = -3*n + 83. Let c be k(22). Calculate the greatest common factor of c and h.
17
Let m(t) = 1299*t + 10005. Let h be m(-7). Calculate the greatest common divisor of h and 1292.
76
Let w = -15970 - -16006. What is the greatest common divisor of w and 192?
12
Let n(p) 